{"id":214,"date":"2023-06-12T18:39:52","date_gmt":"2023-06-12T21:39:52","guid":{"rendered":"https:\/\/becferroeaco.com.br\/construcao\/?post_type=product&#038;p=214"},"modified":"2024-01-03T11:48:33","modified_gmt":"2024-01-03T14:48:33","slug":"telas-soldadas-aco-nervurado-tela-q92-pn-245x6m","status":"publish","type":"product","link":"https:\/\/becferroeaco.com.br\/construcao\/catalogo\/produtos\/malhas-e-telas\/telas-soldadas-aco-nervurado-tela-q92-pn-245x6m\/","title":{"rendered":"Tela Q92 PN 2,45x6m"},"content":{"rendered":"<p><a href=\"http:\/\/becferroeaco.com.br\/construcao\/wp-content\/uploads\/2023\/06\/telas-soldadas-nervuradas-tabela2_blue.jpg\" rel=\"lightbox[214]\"><img loading=\"lazy\" decoding=\"async\" class=\"alignnone wp-image-232 size-full\" src=\"http:\/\/becferroeaco.com.br\/construcao\/wp-content\/uploads\/2023\/06\/telas-soldadas-nervuradas-tabela2_blue.jpg\" alt=\"Tabela de Telas Nervuradas Soldadas Q92 PN\" width=\"900\" height=\"210\" srcset=\"https:\/\/becferroeaco.com.br\/construcao\/wp-content\/uploads\/2023\/06\/telas-soldadas-nervuradas-tabela2_blue.jpg 900w, https:\/\/becferroeaco.com.br\/construcao\/wp-content\/uploads\/2023\/06\/telas-soldadas-nervuradas-tabela2_blue-600x140.jpg 600w, https:\/\/becferroeaco.com.br\/construcao\/wp-content\/uploads\/2023\/06\/telas-soldadas-nervuradas-tabela2_blue-300x70.jpg 300w, https:\/\/becferroeaco.com.br\/construcao\/wp-content\/uploads\/2023\/06\/telas-soldadas-nervuradas-tabela2_blue-768x179.jpg 768w\" sizes=\"(max-width: 900px) 100vw, 900px\" \/><\/a><\/p>\n<p><a href=\"http:\/\/becferroeaco.com.br\/construcao\/wp-content\/uploads\/2023\/06\/telas-soldadas-nervuradas-tabela1_blue.jpg\" rel=\"lightbox[214]\"><img loading=\"lazy\" decoding=\"async\" class=\"alignnone wp-image-233 size-full\" src=\"http:\/\/becferroeaco.com.br\/construcao\/wp-content\/uploads\/2023\/06\/telas-soldadas-nervuradas-tabela1_blue.jpg\" alt=\"Tabela de Telas Soldadas Nervuradas - A\u00e7o CA60\" width=\"900\" height=\"1133\" srcset=\"https:\/\/becferroeaco.com.br\/construcao\/wp-content\/uploads\/2023\/06\/telas-soldadas-nervuradas-tabela1_blue.jpg 900w, https:\/\/becferroeaco.com.br\/construcao\/wp-content\/uploads\/2023\/06\/telas-soldadas-nervuradas-tabela1_blue-600x755.jpg 600w, https:\/\/becferroeaco.com.br\/construcao\/wp-content\/uploads\/2023\/06\/telas-soldadas-nervuradas-tabela1_blue-238x300.jpg 238w, https:\/\/becferroeaco.com.br\/construcao\/wp-content\/uploads\/2023\/06\/telas-soldadas-nervuradas-tabela1_blue-813x1024.jpg 813w, https:\/\/becferroeaco.com.br\/construcao\/wp-content\/uploads\/2023\/06\/telas-soldadas-nervuradas-tabela1_blue-768x967.jpg 768w\" sizes=\"(max-width: 900px) 100vw, 900px\" \/><\/a><\/p>\n","protected":false},"excerpt":{"rendered":"<p>As <strong>telas nervuradas soldadas<\/strong> em todos os pontos de cruzamento s\u00e3o armaduras pr\u00e9-fabricadas em <strong>a\u00e7o CA60 nervurado<\/strong> de alta resist\u00eancia, que proporciona maior ader\u00eancia do a\u00e7o com o concreto.<\/p>\n<p>Nossa linha de produtos possui qualidade comprovada, certificados pela ABNT\/Inmetro, e tamb\u00e9m, com o R\u00f3tulo Ecol\u00f3gico ABNT, que atesta o compromisso com a sustentabilidade. Saiba mais pelo <strong><a href=\"https:\/\/wa.me\/\/5511953231523?text=Muito%20obrigado%20pelo%20contato.%20Clique%20para%20iniciar%20a%20conversa%20com%20a%20BEC%20Ferro%20e%20A%C3%A7o\" target=\"_blank\" rel=\"noopener\">whatsapp<\/a><\/strong>.<\/p>\n<p>Tenha mais praticidade, agilidade, seguran\u00e7a e economia em sua constru\u00e7\u00e3o com as <strong>telas nervuradas Q92 PN 2,45x6m<\/strong>, elas s\u00e3o apropriadas para lajes, pisos industriais, pavimentos, estruturas pr\u00e9-moldadas, vidas, pilares, vigas, funda\u00e7\u00f5es em geral, conten\u00e7\u00e3o de encostas, entre outros.<\/p>\n","protected":false},"featured_media":712,"comment_status":"open","ping_status":"closed","template":"","meta":[],"product_cat":[29],"product_tag":[31],"acf":[],"yoast_head":"<!-- This site is optimized with the Yoast SEO plugin v21.7 - https:\/\/yoast.com\/wordpress\/plugins\/seo\/ -->\n<title>BEC \u2022 Bastos Engenharia e Constru\u00e7\u00e3o \u2022 Com\u00e9rcio de Ferro e A\u00e7o<\/title>\n<meta name=\"description\" content=\"Nossa linha de produtos segue especifica\u00e7\u00f5es e normas da ABNT e INMETRO: arames, colunas, sapatas, telas, treli\u00e7as, vergalh\u00f5es, entre outros\" \/>\n<meta name=\"robots\" content=\"index, follow, max-snippet:-1, max-image-preview:large, max-video-preview:-1\" \/>\n<link rel=\"canonical\" href=\"https:\/\/becferroeaco.com.br\/construcao\/catalogo\/produtos\/malhas-e-telas\/telas-soldadas-aco-nervurado-tela-q92-pn-245x6m\/\" \/>\n<meta property=\"og:locale\" content=\"pt_BR\" \/>\n<meta property=\"og:type\" content=\"article\" \/>\n<meta property=\"og:title\" content=\"BEC \u2022 Bastos Engenharia e Constru\u00e7\u00e3o \u2022 Com\u00e9rcio de Ferro e A\u00e7o\" \/>\n<meta property=\"og:description\" content=\"Nossa linha de produtos segue especifica\u00e7\u00f5es e normas da ABNT e INMETRO: arames, colunas, sapatas, telas, treli\u00e7as, vergalh\u00f5es, entre outros\" \/>\n<meta property=\"og:url\" content=\"https:\/\/becferroeaco.com.br\/construcao\/catalogo\/produtos\/malhas-e-telas\/telas-soldadas-aco-nervurado-tela-q92-pn-245x6m\/\" \/>\n<meta property=\"og:site_name\" content=\"BEC Ferro e A\u00e7o - Bastos Engenharia e Constru\u00e7\u00e3o Civil\" \/>\n<meta property=\"article:modified_time\" content=\"2024-01-03T14:48:33+00:00\" \/>\n<meta property=\"og:image\" content=\"https:\/\/becferroeaco.com.br\/construcao\/wp-content\/uploads\/2023\/06\/destaques-bec-produtos-google-shopping-malhas-telas.webp\" \/>\n\t<meta property=\"og:image:width\" content=\"1920\" \/>\n\t<meta property=\"og:image:height\" content=\"1080\" \/>\n\t<meta property=\"og:image:type\" content=\"image\/webp\" \/>\n<meta name=\"twitter:card\" content=\"summary_large_image\" \/>\n<meta name=\"twitter:label1\" content=\"Est. tempo de leitura\" \/>\n\t<meta name=\"twitter:data1\" content=\"1 minuto\" \/>\n<script type=\"application\/ld+json\" class=\"yoast-schema-graph\">{\"@context\":\"https:\/\/schema.org\",\"@graph\":[{\"@type\":\"WebPage\",\"@id\":\"https:\/\/becferroeaco.com.br\/construcao\/catalogo\/produtos\/malhas-e-telas\/telas-soldadas-aco-nervurado-tela-q92-pn-245x6m\/\",\"url\":\"https:\/\/becferroeaco.com.br\/construcao\/catalogo\/produtos\/malhas-e-telas\/telas-soldadas-aco-nervurado-tela-q92-pn-245x6m\/\",\"name\":\"BEC \u2022 Bastos Engenharia e Constru\u00e7\u00e3o \u2022 Com\u00e9rcio de Ferro e A\u00e7o\",\"isPartOf\":{\"@id\":\"https:\/\/becferroeaco.com.br\/construcao\/#website\"},\"datePublished\":\"2023-06-12T21:39:52+00:00\",\"dateModified\":\"2024-01-03T14:48:33+00:00\",\"description\":\"Nossa linha de produtos segue especifica\u00e7\u00f5es e normas da ABNT e INMETRO: arames, colunas, sapatas, telas, treli\u00e7as, vergalh\u00f5es, entre outros\",\"breadcrumb\":{\"@id\":\"https:\/\/becferroeaco.com.br\/construcao\/catalogo\/produtos\/malhas-e-telas\/telas-soldadas-aco-nervurado-tela-q92-pn-245x6m\/#breadcrumb\"},\"inLanguage\":\"pt-BR\",\"potentialAction\":[{\"@type\":\"ReadAction\",\"target\":[\"https:\/\/becferroeaco.com.br\/construcao\/catalogo\/produtos\/malhas-e-telas\/telas-soldadas-aco-nervurado-tela-q92-pn-245x6m\/\"]}]},{\"@type\":\"BreadcrumbList\",\"@id\":\"https:\/\/becferroeaco.com.br\/construcao\/catalogo\/produtos\/malhas-e-telas\/telas-soldadas-aco-nervurado-tela-q92-pn-245x6m\/#breadcrumb\",\"itemListElement\":[{\"@type\":\"ListItem\",\"position\":1,\"name\":\"In\u00edcio\",\"item\":\"https:\/\/becferroeaco.com.br\/construcao\/\"},{\"@type\":\"ListItem\",\"position\":2,\"name\":\"Linha Completa de Produtos\",\"item\":\"https:\/\/becferroeaco.com.br\/construcao\/loja\/\"},{\"@type\":\"ListItem\",\"position\":3,\"name\":\"Tela Q92 PN 2,45x6m\"}]},{\"@type\":\"WebSite\",\"@id\":\"https:\/\/becferroeaco.com.br\/construcao\/#website\",\"url\":\"https:\/\/becferroeaco.com.br\/construcao\/\",\"name\":\"BEC Ferro e A\u00e7o - Bastos Engenharia e Constru\u00e7\u00e3o Civil\",\"description\":\"Fabrica\u00e7\u00e3o e com\u00e9rcio de vergalh\u00f5es, arma\u00e7\u00f5es sob medida, arames, pregos, entre outros\",\"publisher\":{\"@id\":\"https:\/\/becferroeaco.com.br\/construcao\/#organization\"},\"potentialAction\":[{\"@type\":\"SearchAction\",\"target\":{\"@type\":\"EntryPoint\",\"urlTemplate\":\"https:\/\/becferroeaco.com.br\/construcao\/?s={search_term_string}\"},\"query-input\":\"required name=search_term_string\"}],\"inLanguage\":\"pt-BR\"},{\"@type\":\"Organization\",\"@id\":\"https:\/\/becferroeaco.com.br\/construcao\/#organization\",\"name\":\"BEC Ferro e A\u00e7o - Bastos Engenharia e Constru\u00e7\u00e3o Civil\",\"url\":\"https:\/\/becferroeaco.com.br\/construcao\/\",\"logo\":{\"@type\":\"ImageObject\",\"inLanguage\":\"pt-BR\",\"@id\":\"https:\/\/becferroeaco.com.br\/construcao\/#\/schema\/logo\/image\/\",\"url\":\"http:\/\/becferroeaco.com.br\/construcao\/wp-content\/uploads\/2023\/06\/logo-bec-ferro-aco.jpg\",\"contentUrl\":\"http:\/\/becferroeaco.com.br\/construcao\/wp-content\/uploads\/2023\/06\/logo-bec-ferro-aco.jpg\",\"width\":800,\"height\":800,\"caption\":\"BEC Ferro e A\u00e7o - Bastos Engenharia e Constru\u00e7\u00e3o Civil\"},\"image\":{\"@id\":\"https:\/\/becferroeaco.com.br\/construcao\/#\/schema\/logo\/image\/\"}}]}<\/script>\n<!-- \/ Yoast SEO plugin. -->","yoast_head_json":{"title":"BEC \u2022 Bastos Engenharia e Constru\u00e7\u00e3o \u2022 Com\u00e9rcio de Ferro e A\u00e7o","description":"Nossa linha de produtos segue especifica\u00e7\u00f5es e normas da ABNT e INMETRO: arames, colunas, sapatas, telas, treli\u00e7as, vergalh\u00f5es, entre outros","robots":{"index":"index","follow":"follow","max-snippet":"max-snippet:-1","max-image-preview":"max-image-preview:large","max-video-preview":"max-video-preview:-1"},"canonical":"https:\/\/becferroeaco.com.br\/construcao\/catalogo\/produtos\/malhas-e-telas\/telas-soldadas-aco-nervurado-tela-q92-pn-245x6m\/","og_locale":"pt_BR","og_type":"article","og_title":"BEC \u2022 Bastos Engenharia e Constru\u00e7\u00e3o \u2022 Com\u00e9rcio de Ferro e A\u00e7o","og_description":"Nossa linha de produtos segue especifica\u00e7\u00f5es e normas da ABNT e INMETRO: arames, colunas, sapatas, telas, treli\u00e7as, vergalh\u00f5es, entre outros","og_url":"https:\/\/becferroeaco.com.br\/construcao\/catalogo\/produtos\/malhas-e-telas\/telas-soldadas-aco-nervurado-tela-q92-pn-245x6m\/","og_site_name":"BEC Ferro e A\u00e7o - Bastos Engenharia e Constru\u00e7\u00e3o Civil","article_modified_time":"2024-01-03T14:48:33+00:00","og_image":[{"width":1920,"height":1080,"url":"https:\/\/becferroeaco.com.br\/construcao\/wp-content\/uploads\/2023\/06\/destaques-bec-produtos-google-shopping-malhas-telas.webp","type":"image\/webp"}],"twitter_card":"summary_large_image","twitter_misc":{"Est. tempo de leitura":"1 minuto"},"schema":{"@context":"https:\/\/schema.org","@graph":[{"@type":"WebPage","@id":"https:\/\/becferroeaco.com.br\/construcao\/catalogo\/produtos\/malhas-e-telas\/telas-soldadas-aco-nervurado-tela-q92-pn-245x6m\/","url":"https:\/\/becferroeaco.com.br\/construcao\/catalogo\/produtos\/malhas-e-telas\/telas-soldadas-aco-nervurado-tela-q92-pn-245x6m\/","name":"BEC \u2022 Bastos Engenharia e Constru\u00e7\u00e3o \u2022 Com\u00e9rcio de Ferro e A\u00e7o","isPartOf":{"@id":"https:\/\/becferroeaco.com.br\/construcao\/#website"},"datePublished":"2023-06-12T21:39:52+00:00","dateModified":"2024-01-03T14:48:33+00:00","description":"Nossa linha de produtos segue especifica\u00e7\u00f5es e normas da ABNT e INMETRO: arames, colunas, sapatas, telas, treli\u00e7as, vergalh\u00f5es, entre outros","breadcrumb":{"@id":"https:\/\/becferroeaco.com.br\/construcao\/catalogo\/produtos\/malhas-e-telas\/telas-soldadas-aco-nervurado-tela-q92-pn-245x6m\/#breadcrumb"},"inLanguage":"pt-BR","potentialAction":[{"@type":"ReadAction","target":["https:\/\/becferroeaco.com.br\/construcao\/catalogo\/produtos\/malhas-e-telas\/telas-soldadas-aco-nervurado-tela-q92-pn-245x6m\/"]}]},{"@type":"BreadcrumbList","@id":"https:\/\/becferroeaco.com.br\/construcao\/catalogo\/produtos\/malhas-e-telas\/telas-soldadas-aco-nervurado-tela-q92-pn-245x6m\/#breadcrumb","itemListElement":[{"@type":"ListItem","position":1,"name":"In\u00edcio","item":"https:\/\/becferroeaco.com.br\/construcao\/"},{"@type":"ListItem","position":2,"name":"Linha Completa de Produtos","item":"https:\/\/becferroeaco.com.br\/construcao\/loja\/"},{"@type":"ListItem","position":3,"name":"Tela Q92 PN 2,45x6m"}]},{"@type":"WebSite","@id":"https:\/\/becferroeaco.com.br\/construcao\/#website","url":"https:\/\/becferroeaco.com.br\/construcao\/","name":"BEC Ferro e A\u00e7o - Bastos Engenharia e Constru\u00e7\u00e3o Civil","description":"Fabrica\u00e7\u00e3o e com\u00e9rcio de vergalh\u00f5es, arma\u00e7\u00f5es sob medida, arames, pregos, entre outros","publisher":{"@id":"https:\/\/becferroeaco.com.br\/construcao\/#organization"},"potentialAction":[{"@type":"SearchAction","target":{"@type":"EntryPoint","urlTemplate":"https:\/\/becferroeaco.com.br\/construcao\/?s={search_term_string}"},"query-input":"required name=search_term_string"}],"inLanguage":"pt-BR"},{"@type":"Organization","@id":"https:\/\/becferroeaco.com.br\/construcao\/#organization","name":"BEC Ferro e A\u00e7o - Bastos Engenharia e Constru\u00e7\u00e3o Civil","url":"https:\/\/becferroeaco.com.br\/construcao\/","logo":{"@type":"ImageObject","inLanguage":"pt-BR","@id":"https:\/\/becferroeaco.com.br\/construcao\/#\/schema\/logo\/image\/","url":"http:\/\/becferroeaco.com.br\/construcao\/wp-content\/uploads\/2023\/06\/logo-bec-ferro-aco.jpg","contentUrl":"http:\/\/becferroeaco.com.br\/construcao\/wp-content\/uploads\/2023\/06\/logo-bec-ferro-aco.jpg","width":800,"height":800,"caption":"BEC Ferro e A\u00e7o - Bastos Engenharia e Constru\u00e7\u00e3o Civil"},"image":{"@id":"https:\/\/becferroeaco.com.br\/construcao\/#\/schema\/logo\/image\/"}}]}},"_links":{"self":[{"href":"https:\/\/becferroeaco.com.br\/construcao\/wp-json\/wp\/v2\/product\/214"}],"collection":[{"href":"https:\/\/becferroeaco.com.br\/construcao\/wp-json\/wp\/v2\/product"}],"about":[{"href":"https:\/\/becferroeaco.com.br\/construcao\/wp-json\/wp\/v2\/types\/product"}],"replies":[{"embeddable":true,"href":"https:\/\/becferroeaco.com.br\/construcao\/wp-json\/wp\/v2\/comments?post=214"}],"wp:featuredmedia":[{"embeddable":true,"href":"https:\/\/becferroeaco.com.br\/construcao\/wp-json\/wp\/v2\/media\/712"}],"wp:attachment":[{"href":"https:\/\/becferroeaco.com.br\/construcao\/wp-json\/wp\/v2\/media?parent=214"}],"wp:term":[{"taxonomy":"product_cat","embeddable":true,"href":"https:\/\/becferroeaco.com.br\/construcao\/wp-json\/wp\/v2\/product_cat?post=214"},{"taxonomy":"product_tag","embeddable":true,"href":"https:\/\/becferroeaco.com.br\/construcao\/wp-json\/wp\/v2\/product_tag?post=214"}],"curies":[{"name":"wp","href":"https:\/\/api.w.org\/{rel}","templated":true}]}}